 (base 9) in base 4?
-21013100321
731863 (base 10) to base 5
141404423
-22331243 (base 5) to base 4
-300210210
What is 81592 (base 10) in base 3?
11010220221
What is 1112012121010 (base 3) in base 5?
201423313
What is 511406 (base 7) in base 6?
1510405
What is -743b0 (base 13) in base 9?
-348167
Convert -a31284 (base 11) to base 10.
-1656098
What is -34116 (base 8) in base 13?
-673a
What is -17b7a53 (base 12) in base 7?
-60145230
-313d0c (base 14) to base 10
-1662680
Convert -1520314 (base 6) to base 4.
-111202312
196226 (base 12) to base 8
1547276
Convert 522423 (base 8) to base 7.
1321224
Convert 2212010101101 (base 3) to base 6.
52312014
Convert -1063303 (base 7) to base 15.
-29724
-40eec (base 16) to base 2
-1000000111011101100
-103317 (base 9) to base 3
-10010100121
12441022 (base 5) to base 8
363140
-1000000100001101010 (base 2) to base 4
-1000201222
What is -d69b8 (base 15) in base 9?
-1246512
Convert -743185 (base 13) to base 12.
-ab2204
2432314 (base 6) to base 4
133131112
What is -101002222 (base 4) in base 9?
-115667
Convert -3f0edc (base 16) to base 12.
-1473650
Convert 6900a (base 14) to base 10.
255202
What is -43020202 (base 6) in base 3?
-2101010122202
-27ba2 (base 14) to base 2
-11000000000100010
What is -89809 (base 11) in base 7?
-1051153
-2110111201 (base 4) to base 12
-253741
Convert -670fe (base 16) to base 14.
-adbb0
11110100010100010 (base 2) to base 12
60482
-17e63b (base 16) to base 8
-5763073
222140242 (base 5) to base 6
32515155
-ac06c (base 14) to base 9
-705237
-12011002102 (base 3) to base 4
-120300110
Convert 35504 (base 14) to base 13.
471c4
Convert 1100652 (base 8) to base 3.
120000010110
Convert 213232021 (base 4) to base 13.
59092
33dd3 (base 15) to base 2
101000010100000011
What is -4a82645 (base 12) in base 11?
-82740a6
What is -11444b (base 13) in base 9?
-683507
-1460126 (base 7) to base 6
-4134532
What is 111111111110000111 (base 2) in base 4?
333332013
What is -31270067 (base 8) in base 14?
-c50995
What is -1101111011100100110010 (base 2) in base 12?
-1281442
Convert -247259 (base 10) to base 6.
-5144415
Convert 212220310 (base 4) to base 8.
465064
Convert -221202200202221 (base 3) to base 8.
-64170674
2132400420 (base 5) to base 9
8542775
-1653753 (base 9) to base 14
-19daa2
21200210101 (base 3) to base 12
737b4
Convert 234025 (base 13) to base 4.
3030113200
Convert 1111200210 (base 3) to base 9.
44623
256036240 (base 7) to base 16
f9ac66
353187 (base 9) to base 5
23243144
What is -133123220 (base 4) in base 2?
-11111011011101000
Convert -a8acc (base 16) to base 6.
-22450324
554124 (base 6) to base 10
46276
303010302 (base 4) to base 3
101121222020
-1278679 (base 12) to base 9
-6763043
-721dd4 (base 14) to base 11
-2198404
What is 2103243 (base 5) in base 7?
203345
-3210254 (base 6) to base 4
-212103322
Convert 19e794 (base 16) to base 11.
a5a54a
What is 2666811 (base 9) in base 13?
3c234a
Convert -1011201120212 (base 3) to base 4.
-2120131010
What is -21530816 (base 9) in base 10?
-10412970
-102051014 (base 6) to base 7
-21061303
1314500 (base 6) to base 3
10200012200
What is -1000011001010001000010 (base 2) in base 14?
-413daa
Convert 1003703 (base 8) to base 11.
17049a
64231 (base 11) to base 14
260aa
500627 (base 10) to base 12
20186b
What is -12011211010002 (base 3) in base 8?
-12377072
What is 1110110111010000100000 (base 2) in base 9?
7287710
Convert -12033000013 (base 4) to base 5.
-404244221
Convert 10101210000 (base 3) to base 6.
1233430
-1422210033 (base 5) to base 11
-2104434
What is -50160433 (base 7) in base 12?
-1481164
-1235a7c (base 13) to base 16
-567c10
Convert -304907 (base 10) to base 6.
-10311335
What is d5e087 (base 15) in base 2?
100110110011011111011001
2224042 (base 6) to base 14
2cd2a
What is 177078 (base 9) in base 14?
2c1dc
What is 224626 (base 7) in base 4?
21302212
What is 2512155 (base 8) in base 12?
2952b9
What is -d1c0 (base 14) in base 13?
-13530
2222100101021 (base 3) to base 2
110000010000110100110
What is 1000043 (base 7) in base 11?
80462
4cf0 (base 16) to base 11
13886
Convert 13110010312 (base 4) to base 12.
78561a
Convert -11001010111101011 (base 2) to base 14.
-29c27
11700 (base 8) to base 6
35224
246c9 (base 13) to base 5
4121324
-29357 (base 13) to base 8
-227242
Convert 263245563 (base 7) to base 9.
34660856
52ac (base 14) to base 6
150012
Convert -127a653 (base 13) to base 4.
-112012021312
What is 243422143 (base 5) in base 7?
12546252
What is 1957701 (base 11) in base 16?
326bc6
163027 (base 9) to base 13
36a57
What is 2232124032 (base 5) in base 8?
22723501
What is 1141213113 (base 5) in base 14?
4da526
What is -762353 (base 9) in base 4?
-1232330322
What is -32022100 (base 4) in base 11?
-3a638
113011211 (base 4) to base 6
2005445
Convert -50174 (base 10) to base 7.
-266165
Convert 1d72c1 (base 14) to base 10.
1057001
1356467 (base 10) to base 5
321401332
Convert 2523046 (base 7) to base 9.
545071
517dd5 (base 14) to base 3
12011200120120
3b757 (base 12) to base 6
1432551
What is 10210112100 (base 3) in base 2?
10010001111111001
Convert 1d8459 (base 16) to base 11.
11013a9
What is 110011101100011110100 (base 2) in base 5?
413201230
Convert 1001001001011111101100 (base 2) to base 9.
4454623
Convert 33411712 (base 8) to base 14.
d5b038
-2d412 (base 14) to base 9
-182373
What is 62a2 (base 11) in base 6?
102340
Convert 1101211330 (base 4) to base 12.
1414a4
Convert -1131112130 (base 4) to base 7.
-3151523
Convert 415632 (base 8) to base 11.
94870
What is -1032052 (base 7) in base 16?
-1ea87
What is 134e4 (base 15) in base 13?
2220a
What is a736 (base 14) in base 7?
150066
-5c56 (base 15) to base 13
-8c40
Convert 454575 (base 14) to base 2.
1000111111000011101011
Convert 182920 (base 16) to base 7.
16313206
What is -3033301332 (base 4) in base 9?
-1536403
What is -1001100100111010110000 (base 2) in base 13?
-69b914
-10511042 (base 7) to base 16
-de410
What is -44215243 (base 6) in base 14?
-266919
What is 101001100001000 (base 2) in base 10?
21256
Convert -43497 (base 10) to base 14.
-11bcd
-5052520 (base 7) to base 9
-1115614
143233 (base 6) to base 12
7b19
-431240240 (base 5) to base 2
-110111100101010001000
Convert -2148325 (base 11) to base 12.
-131ba93
4123332202 (base 5) to base 15
b1426c
Convert -5e206 (base 15) to base 12.
-126113
135401560 (base 7) to base 2
100001111010110010001101
What is 100101010001101111111 (base 2) in base 14?
23b223
What is -10402301311 (base 5) in base 12?
-3983310
What is 440223 (base 10) in base 9?
740776
Convert 1236740 (base 8) to base 4.
1103313200
What is -321104 (base 10) in base 4?
-1032121100
Convert -341377 (base 8) to base 14.
-3010b
506598 (base 10) to base 13
149781
Convert 69f1c (base 16) to base 2.
1101001111100011100
-17c933 (base 14) to base 10
-841473
What is -520411 (base 8) in base 2?
-101010000100001001
What is -893624 (base 11) in base 3?
-2200101121220
-830723 (base 9) to base 12
-1b9133
Convert -431002115 (base 6) to base 7.
-121434125
Convert 41475 (base 11) to base 5.
3413321
-3032346 (base 7) to base 8
-1301071
What is 307213 (base 11) in base 5?
111231401
Convert -5557834 (base 9) to base 12.
-1002b11
-394317 (base 10) to base 11
-24a290
2110012221 (base 3) to base 10
48274
What is 66345 (base 10) in base 11?
45934
What is -11ac7e (base 16) in base 13?
-317289
What is 7972c (base 16) in base 7?
4141204
Convert -443331 (base 8) to base 12.
-72421
1131202 (base 7) to base 5
14021402
-11001010000000110100 (base 2) to base 9
-1501032
-3451221 (base 6) to base 5
-21142403
What is 429930 (base 10) in base 3?
210211202100
5b9c78 (base 13) to base 16
217498
What is 13242322 (base 5) in base 14?
36c19
What is -751110 (base 9) in base 12?
-1967b3
Convert -5390e (base 15) to base 9.
-443815
Convert -9839c (base 16) to base 12.
-2609b8
-223002 (base 9) to base 4
-200210201
4333434 (base 5) to base 11
50865
What is 36a81 (base 14) in base 10?
133785
Convert 1687866 (base 11) to base 4.
22323203020
What is -26766 (base 12) in base 14?
-15406
What is -5565520 (base 7) in base 13?
-1b15bb
1000010100011101001000 (base 2) to base 15
2d130b
-32310103 (base 4) to base 16
-ed13
-51826 (base 9) to base 11
-23777
Convert -6650302 (base 7) to base 16.
-c7eca
What is 28a314 (base 11) in base 8?
1564466
Convert 149f